on divisor of l and 204?
12
Let x be 226 - 54/(-18) - -9. What is the greatest common divisor of 35 and x?
7
Suppose 270 = 5*h + 4*h. Suppose -h*c = -37*c + 777. Calculate the highest common divisor of c and 6.
3
Suppose -80*l - 470 = 410. Let z be -7*(0 - (-1 + 3)). Let n = z + l. What is the highest common factor of 27 and n?
3
Let x = 8438 - 8342. Calculate the highest common factor of 72 and x.
24
Let c be ((-3)/(-4))/((-2)/(-72)). Let j be ((-270)/78)/(498/(-2158)). What is the highest common divisor of j and c?
3
Let w be ((-21)/4)/((-2)/104). Suppose 0 = -2*q + 2 + 2, -2*f = -4*q + 4. Let j be 0/(-99) + 37 + 4/f. Calculate the greatest common divisor of j and w.
39
Let m be 2702/15 - 23*32/5520. What is the highest common factor of 9900 and m?
180
Let h(v) be the second derivative of -v**4/12 - 7*v**3/3 - 15*v**2 - 223*v. Let n be h(-4). What is the greatest common divisor of n and 190?
10
Suppose -4*h = -0*h + 2*b - 11198, -2*b = 5*h - 13995. Suppose 0 = -5*g + 3*j + 3450, -24*g - 5*j = -20*g - h. What is the highest common factor of 11 and g?
11
Let s = -3639 - -3643. What is the highest common factor of s and 1868?
4
Let g be 1 + -2 + 1 + (-5 - -5). Suppose g = -3*n + 5*b - 243, 2*b = 4*b - 6. Let h = 89 + n. Calculate the greatest common factor of 195 and h.
13
Suppose -9*h + 693 = 2*h. Let s = -1947 + 2010. Calculate the greatest common factor of h and s.
63
Let s = -48954 - -49029. Let j(n) = -1 - 2 + 4*n + 2. Let g be j(4). Calculate the greatest common factor of g and s.
15
Let f(p) = p**3 - 24*p**2 - 5*p - 510. Let s be f(28). What is the highest common factor of 22 and s?
22
Suppose 0 = 2*v + 45 - 153. Let s = v + -55. Let u be (-4 - s) + 13 + -1. Calculate the highest common factor of u and 81.
9
Suppose r = -5*a + 1977, 5*a - 4*a - 4*r = 408. Calculate the greatest common factor of a and 864.
36
Let b = -70 - -71. Let r be 4/b + -3 + -3 + 9. Calculate the greatest common factor of 35 and r.
7
Suppose 0 = -136*y - 27*y + 39935. What is the greatest common divisor of y and 315?
35
Suppose -2*f + 74 = 6*c - 3*c, -c + 21 = -3*f. Let b = 0 + c. What is the highest common factor of 88 and b?
8
Let a(f) = 13*f**2 - 4*f. Let o be a(6). Let u = -368492 - -368504. Calculate the greatest common divisor of u and o.
12
Suppose -f + 2*u - 217 = -6*f, -4*f = -3*u - 192. Let q = -53 + f. Let b be (84/q)/7 - (-266)/4. What is the greatest common divisor of b and 13?
13
Let z(v) = 22*v**2 - 2*v. Suppose -2*s - 3 = 5. Let i be z(s). Let f be (-6)/51 + 3/((-408)/(-4912)). Calculate the highest common divisor of i and f.
36
Let v(f) = -11*f**3 + f**2 + f. Let a be v(-1). Suppose 4*x - 129 = a. Let o be 969/38 - 126/28. Calculate the greatest common factor of o and x.
7
Suppose -32 + 2 = -3*h. Suppose -h = -8*m + 102. Calculate the highest common divisor of m and 238.
14
Suppose 5*n = k - 82, 18*k + 10*n = 23*k - 380. What is the greatest common factor of 2004 and k?
12
Suppose -286*c + 234 = 7*c - 59*c. What is the highest common divisor of c and 733?
1
Let f = 4671 - 4587. Calculate the highest common divisor of 4236 and f.
12
Let x be 0/(26/(-8) - (-12)/48). Suppose x = -2*o - 2*o + 312. What is the highest common divisor of 6 and o?
6
Suppose -31 = -2*x + 119 + 174. What is the highest common divisor of x and 6?
6
Let u(f) = -23*f**2 + f. Let v be u(-1). Let g = -16 - v. Let o = -3026 - -3034. Calculate the greatest common factor of o and g.
8
Let b be -10 - (-5)/((-20)/(-12)). Let m be (-10*4)/4*b/2. Let v be (-14)/m*10*-6. What is the greatest common divisor of 12 and v?
12
Suppose 2 = -3*m + 5. Suppose 4*p - s = 8*p - 12, 3*s + 12 = 4*p. Suppose p*u - 11 = m. Calculate the greatest common factor of 32 and u.
4
Suppose -3*p + 4 = h, 3 = 7*p - 4*p. Let s = 31 + h. Suppose -t - s = -36. What is the greatest common factor of t and 36?
4
Let g = 7833 - 7807. Suppose -3*x + 1045 = -905. What is the highest common factor of g and x?
26
Let g(c) = -6 - 17*c - 7*c**2 - 16*c**2 + 29*c**2 + c**3. Let y be g(-7). Calculate the greatest common divisor of 704 and y.
64
Let u = -25475 - -31507. Calculate the highest common factor of 256 and u.
16
Suppose 0 = -5*w + d - 6*d + 1200, -4*w = -d - 960. What is the highest common divisor of 4720 and w?
80
Let d be (2 - (-3 - -1))*(-2 + 247). Let v(x) = x**2 + 26*x + 35. Let g be v(-26). Calculate the highest common divisor of g and d.
35
Suppose 3*j = -3*c + 462, 178*j = 181*j - 4*c - 469. Calculate the highest common divisor of 53785 and j.
155
Let d = 177 - 7. Suppose 2*a = -15*a + d. Calculate the highest common factor of a and 190.
10
Let f(i) = 23*i + 26*i - 6 - 48*i. Let d be f(15). Let g = 96 - 24. Calculate the greatest common divisor of g and d.
9
Suppose -5*h + 4*u + 614 = -155, h - 156 = 3*u. What is the greatest common divisor of h and 1173?
51
Let p(y) = y**3 + 7*y**2 + y - 9. Let q be p(-7). Let m = q + 68. Let u = m - 25. Calculate the highest common divisor of u and 108.
27
Let d(r) = 6*r**2 - 58*r - 140. Let o be d(18). Calculate the greatest common factor of o and 2185.
95
Suppose -277 - 103 = -2038*i + 2033*i. Suppose -3*p = -2*j + 67, 2*p - 2*j - 3*j = -63. Let t = p + i. What is the highest common divisor of 513 and t?
57
Let j = -313 - -74. Let q = j + 244. Calculate the greatest common divisor of 8 and q.
1
Suppose 5*h = 3*w + 16, 9*w - 6 - 58 = h. Let n(g) = 48*g**2 + 4*g + 4. Let q be n(-2). Calculate the greatest common factor of h and q.
4
Let q = -26 + -6. Let t = q + 60. Let i(g) = -6*g**3 + g**2 - 3*g - 2. Let s be i(-2). Calculate the highest common divisor of t and s.
28
Let h(u) = u**3 - 6*u**2 - 10*u + 23. Let n be h(7). Let t(o) = 6*o**3 + 4*o**2 - 4*o - 4. Let i be t(n). What is the highest common divisor of 65 and i?
13
Suppose 0 = -5*k + 469 - 54. Suppose -3*p + 43 = -k. Let r = p + -38. Calculate the greatest common divisor of 4 and r.
4
Let r = 1178 - 1151. Let l(m) = m - 1. Let t be l(4). Let f be t + -1 + 32/2. What is the highest common divisor of r and f?
9
Suppose -4 = -2*d, 11*j - 3*d + 3498 = 15*j. Calculate the highest common factor of 27 and j.
9
Suppose i + 2*i - 352 = -5*g, i = -1. Let k = g - 69. Suppose 20 = -k*r + 146. What is the greatest common factor of r and 18?
9
Suppose 14963*w = 14967*w - 664. What is the highest common divisor of w and 4?
2
Let q = 23 - 15. Suppose 2*t + 44 = 4*n, 4*n + 5*t + 56 = q*n. Calculate the highest common divisor of 3 and n.
3
Suppose -33*w + 16*w = -204. Suppose 315 = w*o - 5*o. What is the greatest common divisor of 15 and o?
15
Suppose 2*z + j = 51, -52*z + 49*z - 5*j + 80 = 0. Let c = -10 + 20. Calculate the greatest common divisor of c and z.
5
Suppose -4*a = z - 4, -3*z + 0*z = -12. Suppose -4*c + 4 = a, -h - h - c + 109 = 0. What is the highest common factor of h and 36?
18
Suppose -2*l + 26 = -5*x, 0*l + 5*x + 17 = -l. Suppose f = -3*p - 3*f + 8, 0 = -l*p - 3*f + 12. What is the greatest common divisor of 12 and p?
4
Let g(c) = -1581*c + 61. Let j be g(-3). Suppose -15036 = -40*m + j. What is the highest common factor of 31 and m?
31
Let r = -10412 + 10607. What is the greatest common divisor of r and 12480?
195
Let a be 68*((-5)/4 - -2). Let w be (5 - -349) + -457 + 494. What is the highest common divisor of a and w?
17
Let j = -231 - -247. Suppose r = j*r - 705. Calculate the greatest common factor of 1 and r.
1
Suppose -235 = -36*n - 11*n. Calculate the highest common factor of n and 965.
5
Let r be 31575/375 + (-2)/10. Calculate the highest common factor of r and 2982.
42
Suppose -7*h + 2*h + 5*v - 805 = 0, -4*h - 644 = 5*v. Let a = h - -178. Let y be ((-238)/(-8))/(3/12). Calculate the highest common divisor of a and y.
17
Suppose 18 = 4*n - 2. Suppose -5 - 10 = -n*z. Suppose -r = 4, 3*r = 4*t - z*t - 30. Calculate the highest common divisor of 12 and t.
6
Let z(x) = 2*x**2 + 64*x - 10. Let d be z(-30). Let k be -4 + d/(-1) - 4/(-1). What is the greatest common divisor of k and 5?
5
Let a(x) = x**2 + 74*x - 2940. Let h be a(30). Calculate the highest common factor of h and 1140.
60
Suppose 2*m = -r + 13, -5*r + 0 = -4*m + 5. Suppose 32 = 5*q + 2*w - 115, 151 = m*q + w. Let k = 382 + -258. Calculate the highest common divisor of q and k.
31
Let u = -39133 + 39244. Let l be 37*(2 - (-1)/(-1)). Calculate the 